0) + 2 - -1 - -12.
13
What is -11 - (10 - 1) - -23?
3
What is -26 - (30 + -2 + -65)?
11
-67 - (36 - (57 + 16))
-30
Calculate 56 - 32 - (30 - 7).
1
Calculate -7 + 16 + 7 - (10 + 0 + -6).
12
What is the value of 7 + (-1 - (3 - (-9 + 4))) + -2?
-4
((19 - 5) + 3 + -8 - 4) + -20
-15
What is (4 + -10 - -2) + 7 + 3?
6
What is -11 + 4 + -15 + 4 + 17?
-1
Calculate (0 - -2 - 6) + (-743 - -729).
-18
Evaluate 12 + -18 + 4 + -1 + 29.
26
37 - 0 - (-31 + 39)
29
Evaluate -6 + (0 + -3 - -12) + -5.
-2
Evaluate 4 + 29 + -46 + 1 + -25 + 0.
-37
3 + 0 - (4 + (-13 - -6))
6
Evaluate -9 - -1 - (-7 + 8) - (-58 - -70).
-21
What is -18 + 18 - -3 - (-2 + -1 + 11)?
-5
Evaluate -21 + 24 - (-23 - (-5 - -7)).
28
What is the value of 22 + -19 + 25 + -12 + -5?
11
3 - 2 - (16 + -35 + 12)
8
Calculate (14 + -24 - (-11 - 2)) + 13.
16
Calculate 136 + -60 + -59 - (-7 + 1).
23
What is the value of (50 - 50) + 8 - (6 - (1 - 1))?
2
Evaluate 3 - ((21 - (11 + -1)) + -3 + -30).
25
Calculate -12 - -5 - (-5 + (9 + -5 - -4)).
-10
Evaluate (-10 + (1 - -6) - (2 + -2)) + 15.
12
What is the value of 28 - (4 - -34) - (-1 - 0) - -25?
16
Calculate (22 + -22 + 7 - -30) + -8.
29
Calculate 18 + -19 - (-10 - 0 - -3).
6
Evaluate 2 - (5 + (3 - -2)) - -7 - -11.
10
Calculate (-14 - -9 - 13) + 21.
3
-6 + (-5 - -11) + 6
6
8 + -2 - (-1 - -8 - (70 + -62))
7
Evaluate -15 + (-5 - ((-4 - -7) + -10)) + 3.
-10
2 - (3 + (-7 - -10))
-4
Calculate (6 - (11 + -20)) + -6.
9
What is (-1 - 1 - 1) + 43 + -164 + 101?
-23
What is the value of -15 + (-2 + 2 + 4 - (-119 + 118))?
-10
What is 16 - (-23 - (8 + -31 + 10))?
26
What is the value of (5 - -3) + 16 + (-25 - (-16 - -3))?
12
What is 0 + -3 + -2 + (-2 - -6) + -1?
-2
Evaluate (-11 + 12 - 4) + -8 - -10.
-1
What is the value of (-9 - 5 - (-7 - -4)) + (43 - 47)?
-15
Evaluate (8 - 11) + -1 - 6.
-10
What is the value of (-2 - (1 - -2 - 1)) + -16 - -7?
-13
Calculate 14 + (-4 - (-25 + 17)).
18
What is (-1 - 20) + (101 - 95)?
-15
-45 + 39 + (0 - 16) - (2 - 5)
-19
What is 2 + 0 + (-5 - -6) + (26 - 17)?
12
What is the value of -379 - -420 - (28 - 2)?
15
What is the value of (-4 - -2) + 4 + (8 - 1)?
9
Calculate 10 + 2 - (0 - 1).
13
What is (-16 + -43 - -3) + 24 - (1 - -8)?
-41
4 + -33 + (11 - 1) + -10 + 5
-24
(23 + -19 - (0 - -1)) + (-54 - -24)
-27
Calculate (-3 - (1 + -6)) + -12.
-10
Evaluate 2 - 12 - (-51 - -40).
1
Calculate (-21 - -14) + (1 - (1 + 2)).
-9
Calculate (1 - 1 - -2) + 4 - (-12 + 13).
5
What is the value of (-3 + 2 - ((4 - 9) + 4)) + 3?
3
Calculate (-2 - (-32 - -7)) + (-28 - -16).
11
What is the value of 1 - (20 + 3 + -17)?
-5
What is the value of (-5 - (2 + 1 + -12)) + 0 + -3?
1
What is the value of (271 - 263) + (0 - (-19 + 0 - -1))?
26
Calculate -22 + 26 + -25 - -32 - (0 - -16).
-5
-7 - (27 - 27) - 3
-10
Evaluate -3 + 0 - 3 - (-4 + 1 - -11).
-14
Calculate -35 - -3 - (240 - 301).
29
Calculate (1 - (-1 - 10)) + 449 + -451.
10
Evaluate (3 - 3) + -8 + 9.
1
Calculate -5 + 2 + (-11 - 20).
-34
What is -3 + 3 - 3 - (45 + -5 - 61)?
18
-14 + -28 + 20 - -26
4
What is the value of (-1 - (-10 + 6)) + (-1 - 4) - 6?
-8
What is the value of 52 - (6 - -50) - (-5 + 1)?
0
What is the value of (-34 - -28) + -11 - -12?
-5
Calculate -33 - ((36 - 117) + 26).
22
(-16 - (0 + -6)) + (13 - 20)
-17
Evaluate 1 + 7 - (9 + -13 + -2).
14
Calculate (-17 - (-7 + 3) - -6) + (2 - -19).
14
What is the value of -28 + 40 + 0 + -1 + -1 + -2?
8
Calculate 2 + 10 + (-12 - 3).
-3
Evaluate 15 + (-2 + -3 + 3 - 2 - -2).
13
What is -36 + 81 + 6 + -16?
35
What is the value of 42 + -49 - (4 + -3)?
-8
What is 0 + (-43 - -45) + -22?
-20
Calculate (-24 - (-19 + 1)) + 39.
33
Calculate (-31 - -39 - 8) + -8.
-8
Calculate 30 - (24 + -18 + 25).
-1
What is the value of -7 + (-8 - -16) + -7 + 14?
8
What is the value of 1 + -21 - -17 - (-5 + 21)?
-19
Evaluate 0 + 3 - (19 - 22).
6
Calculate 3 + -12 + 5 + 29 + -5.
20
Evaluate (7 + -11 - 7) + 16 - -9.
14
Calculate -228 - -229 - (-1 - -14).
-12
Calculate (-25 - -8) + (-21 - -40).
2
What is the value of 1 - -7 - (-7 - -11 - 2)?
6
Evaluate (13 - 15 - 0) + -3 + 0 + 21.
16
Calculate (-14 + (-3 - -15) - 2) + 12.
8
Evaluate -9 + -13 - (-34 + 24).
-12
What is 30 + -31 + 12 + 17?
28
Evaluate -4 - (0 - -1) - (1 - (7 + 1)).
2
What is the value of 1 + (11 - -6) - 8?
10
Evaluate 0 + -1 + (-6 - -6) + -3.
-4
What is 3 + (-3 - (-5 - 0)) + -7 - 0?
-2
Evaluate -2 - (-7 + -6) - -2.
13
What is the value of -3 - (7 - 8 - -13 - 28)?
13
-8 + (4 - ((5 - -7) + -4))
-12
What is the value of -23 + (-22 - (-20 - 15))?
-10
What is the value of -9 + 0 + -8 + 7 + (11 - 1)?
0
What is the value of 15 + (-10 - 15 - (3 + 0))?
-13
What is (-41 - 1) + -47 + 22 + 30?
-37
Calculate 7 - (10 + -26 + 9) - -1.
15
Evaluate (-14 + 16 - 36) + 16.
-18
What is -13 - (-27 + 12 - (7 + -38))?
-29
Calculate -13 + 0 + 2 + (21 - (26 - 8)).
-8
Calculate 7 + (-1 + -3 - 0) - (1 - -7).
-5
Evaluate 5 + (-20 - (-6 + 2 - 1 - -3)).
-13
What is the value of 11 - ((17 - 9) + -7)?
10
What is 46 + -22 - (4 - 11)?
31
Calculate -4 - (-16 - (-49 - (-28 + 16))).
-25
What is the value of (2 - (2 + -6)) + (-8 + -1 - 4)?
-7
-7 - (22 + 4 + -23)
-10
Evaluate (-47 + 33 + 2 - (-21 + 0)) + 14.
23
-69 + 66 - (2 - 23 - 6)
24
Calculate 62 - (9 + 12 + -5) - 15.
31
What is 9 + -5 - 3 - (-23 + 15)?
9
What is the value of -2 + 13 + (-7 - 7) + 1 + 3?
1
Calculate ((2 - -2) + -3 - 0) + -39 + 60.
22
-12 + (14 + -21 + 8 - 17)
-28
(-14 - -14) + -2 + 14 + -2
10
Calculate 18 + (23 - 8) + -27.
6
What is the value of 1 - 26 - (-41 - 0)?
16
24 + 0 + (2 - -19) + -31
14
What is the value of (0 - (-21 + 10 + 2)) + -20?
-11
Calculate (-39 - -28) + 5 - -15.
9
Evaluate (-12 - -24) + (18 - 13).
17
Evaluate -18 + (2 - 0 - -3) + (-27 - -16).
-24
Evaluate (-1 - 9) + -76 + 80 + (-1 - 2).
-9
What is the value of 1 - 6 - (2 + 0)?
-7
What is the value of (-12 + 3 - -16) + -14 + 4?
-3
Evaluate 5 + -6 + 2 + 15 - (-12 + 21).
7
What is the value of 2 - 2 - (-105 - -146 - (11 + -2))?
-32
1 + 13 - (21 - 19) - 4
8
23 - (-16 - -11 - -36)
-8
What is the value of 1 + 37 + 0 + 196 + -211?
23
Calculate 3 + 1 + -11 + 13 + 0 + -6.
0
What is the value of -1 + 8 - 1 - (13 - (35 + -26))?
2
What is the value of 25 - (5 + (12 - 6))?
14
(-5 - -8) + (-4 - (-1 + -5)) + -9
-4
Calculate -10 - (-7 - (4 - (-5 + 12))).
-6
Calculate 1 - (2 + 12) - -25.
12
-960 + 963 - (21 - -1)
-19
Evaluate -1 - (-17 - -21) - (1 + -11).
5
Evaluate -4 + -1 + 21 + 7 + -8.
15
Calculate -38 + -26 + 17 + (0 - -2 - -16).
-29
-40 + 48 - ((3 + -1 - 3) + 10)
-1
What is the value of 11 + -18 + 1 + -2 + -1?
-9
What is -17 + (-11 - -34) - (-8 + -2)?
16
What is the value of 16 + (4 - 6) - (14 + -1 - 7)?
8
Calculate (0 - 4) + -14 + 20 - (1 + 2).
-1
Calculate -3 - 1 - -1 - -2 - (-4 + -3).
6
What is the value of 0 - (14 + (-8 - -1 - (14 - 17)))?
-10
What is -3 - (1 + 0 - (236 + -215))?
17
Calculate 4 - (6 + -5) - (-7 + 14).
-4
What is -14 - (9 - (-1 - (4 - 21)))?
-7
What is the value of 1 + (-1 - (2 - -2)) + (-473 - -480)?
3
What is the value of -1 + 4 + -4 + 1 + -15 + 40?
25
What is the value of 23 - (42 - 8) - 0?
-11
Evaluate -4 - (-39 + -12 + 38).
9
Evaluate -4 - -2 - ((-10 - 3) + -10 + 18).
3
2 + 2 - (2 + -16 + -18 + 26)
10
What is the value of -17 - -10 - (8 + (-8 - -5))?
-12
Evaluate -35 + 10 - (13 + -37).
-1
What is the value of -14 + 74 + -17 - 27?
16
Calculate 3 + 4 + (2 + -1 - (22 - 15)).
1
Evaluate (2 - 22) + (-18 + 24 - -2).
-12
What is the value of -50 + 43 + (-1 - 1)?
-9
What is (-10 - -2) + (168 - 166) + -20?
-26
What is 34 + -14 - (-20 + (-5 - -41))?
4
Calculate (7 + -10 - -13) + (26 - 24).
12
Evaluate ((-2 - -3) + -1 - 11) + 0.
-11
What is (31 - 47 - -21) + 4?
9
What is 12 - 2 - (-67 - -87)?
-10
Calculate -659 + 650 - (-6 + 2).
-5
3 + 2 + -5 + (0 - -3) + 3
6
What is the value of (-21 - -1) + (182 - 173)?
-11
-15 - (29 + -14 + (3 - 5))
-28
What is (-7 - -1) + (0 - -7 - 2)?
-1
What is the value of 4 + -5 + (-1 - -4) + 7 + -5?
4
Calculate -5 - (-63 - -58 - (-3 + 0)).
-3
-56 + 66 + (-4 - -9 - 0)
15
What is the value of -22 - (5 - 44) - 5?
12
(-4 - (-39 + 40)) + 30
25
Evaluate 14 - (12 - -19) - (-6 + 20).
-31
What is (188 - 191 - (-11 + 1)) + (10 - 1)?
16
Calculate -2 - (-2 + 2 + -2 - (-33 + 38)).
5
What is -19 + 24 + (-2 - (-10 - -6))?
7
(10 - (8 - -12) - -11) + 3
4
Calculate (398 - 413) + -2 + 2 + 4.
-11
What is the value of (-3 -